ed by (-63)/(5 + 2)*176/(-12)?
129
Let p be 6 + 0 - (3 - 1). Suppose 3*r = p*r - 30. Suppose 177*c + 2714 = 200*c. What is the remainder when c is divided by r?
28
Let y be 3/(-3)*-1 + -22. Let u = y - -36. Suppose 40*z - 36*z = 16. What is the remainder when u is divided by z?
3
Let k(u) = 4*u**2 - 23*u + 40. Let g be k(7). Suppose -g*n + 58*n = -3315. What is the remainder when n is divided by 100?
95
Suppose -13 = -3*z + 2*c + 28, -c = z - 22. Suppose 0 = 5*a - 9*w + 13*w - 105, -4*a + 2*w = -110. What is the remainder when a is divided by z?
8
What is the remainder when 3155 is divided by (-2)/(19/(1463/(-14)))?
9
Let x(c) = c**3 + 70*c**2 + 201*c + 124. Calculate the remainder when 268 is divided by x(-67).
20
Let s(p) = 31*p**2 + 120*p + 19. Let u = -21 + 84. Calculate the remainder when u is divided by s(-4).
28
Calculate the remainder when 1649 is divided by ((-1240)/54 + (-46)/1242)/(1/(-12)).
269
Let v = 3956 + -1659. What is the remainder when v is divided by 231?
218
Let a(k) = -34*k**2 - 32*k + 36*k**2 + 29*k - 9. Calculate the remainder when a(7) is divided by 21.
5
Let q = -9678 - -9689. What is the remainder when 15101 is divided by q?
9
Let h be 30/(-18)*(-54)/45. Suppose -6*g + 285 = -g - h*a, 180 = 3*g - 3*a. Calculate the remainder when g is divided by 7.
6
Suppose -11*c + 6*c = -2815. Let w = c + -533. Calculate the remainder when 416 is divided by w.
26
Suppose 4*v + 8*b = -292 + 2632, 4*b = -36. What is the remainder when 1831 is divided by v?
22
Let u(f) = 25*f + 636. Calculate the remainder when 11349 is divided by u(-22).
83
Let v(b) = 2*b + 29. Let i be v(28). Calculate the remainder when 73 is divided by 14/119 - (-6025)/i.
2
Suppose 570*b - 178564 = 192506. What is the remainder when b is divided by 163?
162
Let m = -47 - -50. Suppose 42 = 4*w + t - 75, m*w - 82 = 5*t. Suppose 5*g = -12*g + 306. What is the remainder when w is divided by g?
11
Suppose -8 = -5*n + n. Let s = 493 + -493. Suppose 5*x + s*z - 81 = z, -n*z = x - 25. What is the remainder when 84 is divided by x?
16
Suppose p - 225 = -4*f, -2*f - 45*p + 47*p = -120. What is the remainder when 1022 is divided by f?
53
Let r(v) = -289*v - 4505. What is the remainder when r(-21) is divided by 772?
20
Let w(u) = 194*u**2 + 80*u + 30. What is the remainder when w(4) is divided by 48?
46
Let q(f) = -f - 7. Let d be q(-4). What is the remainder when d*(-6)/81 + (-943)/(-9) is divided by 9?
6
Let x(w) = 2 - 3*w - 16 - 20 + 2. Let a be x(-13). Calculate the remainder when 25 is divided by a - 2 - (-3 - 1).
7
Suppose f + 2 = 87. Let g(y) = -y + 33. Suppose -2*d = 10 - 32. What is the remainder when f is divided by g(d)?
19
Suppose -3*u + 5506 = -2*y, 14*u + 9166 = 19*u - 6*y. What is the remainder when 5515 is divided by u?
1
Suppose 620 = 2*r + 3*r + 5*k, 2*r = 2*k + 232. Let y = -23 + r. Let l(n) = 6*n**2 + 6*n + 2. What is the remainder when y is divided by l(-2)?
13
What is the remainder when 3380 is divided by (14/(-28)*14)/((-12)/264)?
146
Let g = -4192 - -4321. Calculate the remainder when g is divided by 13.
12
Let k(g) = 158*g**3 + g**2 + 2*g - 2. Suppose 234*w - 23 = 233*w. Calculate the remainder when k(1) is divided by w.
21
Let a(q) = 73*q**2 - 31*q + 19. Calculate the remainder when a(6) is divided by 22.
19
Let z(w) = -2 + 2*w + 7 + 6 - w**2. Calculate the remainder when z(0) is divided by (1 - 2)/(3/(-12)).
3
Let f(g) = -g**2 + 8*g + 4. Let i be f(4). Let l be (-11)/(((-7)/(-63))/(1/(-3))). Let k = l + i. What is the remainder when k is divided by 8?
5
Let s = 12 - -7. Let v(n) = 309*n - 7038. Calculate the remainder when v(23) is divided by s.
12
Let t(c) = -3613*c + 130077. What is the remainder when (-1)/2 + (-233)/(-2) is divided by t(36)?
8
Let z = 996 + -905. Suppose 5*b = 2 - 12, 2*f - 102 = 5*b. What is the remainder when z is divided by f?
45
Suppose 0 = 2*j + 2*v - 4*v - 136, -5*v = 4*j - 272. Suppose 3*p + 12 = 7*p. Calculate the remainder when (j/6)/(14/21) - p is divided by 8.
6
Let m(t) = -48 + 2 - 58 + 21 - 7*t. Let w(n) = 3*n + 41. Let c(o) = 6*m(o) + 13*w(o). What is the remainder when 60 is divided by c(6)?
9
Suppose 17 = 3*u + 2, 2*q = 5*u + 15. What is the remainder when 54 + (-25)/(-6) + 13/(-78) is divided by q?
18
Let q = -88 - -62. What is the remainder when (-9 + 107)*(66/12 + -5) is divided by 0/1 + 0 - q?
23
Suppose -4*z + c + 136 = 0, -5*z + 79*c - 83*c = -191. Calculate the remainder when 4689 is divided by z.
34
Suppose -65*n = 64*n + 295*n - 7632. Let l be 89/(-5) - 4/20. What is the remainder when (-3005)/(-45) - 4/l is divided by n?
13
Let f(v) be the first derivative of -13*v**2/2 + 6*v + 67. Calculate the remainder when f(-4) is divided by 21.
16
Suppose 0 = -3*q + 2*h + 2281, 0 = -4*q + 2*h - 1156 + 4196. Calculate the remainder when q is divided by 4.
3
Suppose 0 = 5*l - 10, 4*v + 85 + 19 = 2*l. Let g(m) = -m**3 - 26*m**2 - 27*m + 28. What is the remainder when g(v) is divided by 23?
9
Suppose 103 = -2*u - 77. Let v = u - -84. Let r(b) = b**3 + 8*b**2 + 10*b + 13. Calculate the remainder when 48 is divided by r(v).
23
Suppose 0 = -75*s + 79*s - 1972. Suppose 26*h - 9*h - s = 0. Calculate the remainder when 144 is divided by h.
28
Suppose -378*d - 3102 = -380*d - u, 3*d = u + 4658. Calculate the remainder when d is divided by 14.
12
Calculate the remainder when ((2805680/(-32))/(-17))/(10/4) is divided by 7.
5
Let h = -27999 + 28022. Let f = 79 - 13. Calculate the remainder when f is divided by h.
20
Let k = 6765 + -6734. What is the remainder when 284 is divided by k?
5
Suppose 15*r - 1472 = -1037. Calculate the remainder when r is divided by 2.
1
Suppose 5*n + b = 30, 5*b - 3 = -n - 3*n. Suppose 12*j - 3194 = -3134. What is the remainder when n is divided by j?
2
Suppose 0 = -2*t + 5*t + 78. Let g(a) = -a**3 - 32*a**2 - 119*a - 130. What is the remainder when g(-28) is divided by (t/4 - 2)*-2?
15
Suppose -4*a + 182 = 9*a. Let u be ((-40)/a)/(32/112). Let p = 38 + u. What is the remainder when p is divided by 9?
1
What is the remainder when -2 - (389466/102)/(-11) - (-2)/(-17) is divided by 105?
30
Let v(x) = 12*x - 4*x**2 + 3*x**2 - 495 + 499. Calculate the remainder when 138 is divided by v(6).
18
Suppose -3*s - 5*q + 21 + 411 = 0, 2*q - 548 = -4*s. Let r = -27 - -89. Calculate the remainder when s is divided by r.
10
Suppose -1268*a = 1008*a + 37223 - 597119. Suppose 0 = 4*p - 25 - 27. Calculate the remainder when a is divided by p.
12
Suppose -5*l + 330 = 2*a, 244 = 3*l - 2*a + 30. Calculate the remainder when l is divided by 26.
16
Suppose -4*z + 9*z + 4*u - 43 = 0, -5*z + 2*u + 61 = 0. Let i = 143 + z. Let n = -100 + i. Calculate the remainder when n is divided by 19.
16
Let p(z) = -z**3 - 6*z**2 + 4*z + 54. What is the remainder when p(-10) is divided by 47?
38
Let v = 2670 + -2075. What is the remainder when v is divided by 225?
145
Let b(m) = 2*m**3 - 5*m**2 - 3*m + 3. Let f be b(5). Let z = f + 174. Suppose -112 = -7*a + z. Calculate the remainder when a is divided by 16.
9
Let x(r) = -1. Let a(u) = 5*u**2 - 2*u + u**2 + 2 - 7*u**2. Let z(t) = a(t) - 5*x(t). Calculate the remainder when 29 is divided by z(-3).
1
Suppose 9*a + 32930 = 83*a. Calculate the remainder when 455 is divided by a.
10
Suppose 0 = k + 5, 28*m + 2*k = 25*m + 104. Suppose -8*a - 9 = -9*a + 3*b, 4*b = -2*a + m. Calculate the remainder when 59 is divided by a.
14
Suppose 0*h - 23 = -4*f + 3*h, 5*f = -2*h. Suppose 26 = 4*d + f*m, -20 = -4*m - 0. Let z = d - -4. Calculate the remainder when 37 is divided by z.
5
Suppose k + 4*s = -3*k + 96, -2*k + 33 = 5*s. Calculate the remainder when 3014 is divided by k.
27
Let g(q) be the second derivative of -209*q**3/6 + 13*q**2/2 + 11*q. What is the remainder when g(-1) is divided by 45?
42
Suppose -86*t + 935 + 822 - 295 = 0. Calculate the remainder when 640 is divided by t.
11
Suppose -4*a = 3*h + 292, -7 = h + 5*a + 83. Let v = h - -127. What is the remainder when 101 is divided by v?
20
Let u = 8487 + -6644. Calculate the remainder when u is divided by 42.
37
Let o be (2 + -2 + 0)/(4 - 3). Suppose 2*b + 5*w - 179 = o, 3*w - 36 = 2*b - 223. What is the remainder when b is divided by 28?
8
Let u = 13 - 10. Let k be (0/(-2))/(-7 - -4). What is the remainder when 33/6*(k + (-2)/(-1)) is div